{"id":1225,"date":"2023-12-30T16:08:46","date_gmt":"2023-12-30T16:08:46","guid":{"rendered":"https:\/\/ecograficas.recursodidactico.com\/?page_id=1225"},"modified":"2024-06-11T10:21:01","modified_gmt":"2024-06-11T10:21:01","slug":"papel","status":"publish","type":"page","link":"https:\/\/ecograficas.recursodidactico.com\/?page_id=1225","title":{"rendered":"El papel"},"content":{"rendered":"\n<div class=\"wp-block-columns is-layout-flex wp-container-core-columns-is-layout-28f84493 wp-block-columns-is-layout-flex\">\n<div class=\"wp-block-column is-layout-flow wp-block-column-is-layout-flow\">\n<p>Se cree que el papel fue descubierto en China por&nbsp;Ts\u2019ai Lung en el a\u00f1o 105 a.C, aunque posiblemente ya hubo intentos previos y \u00e9l fue el que lo perfeccion\u00f3. Este papel se fabricaba con la parte tierna del c\u00e1\u00f1amo, seda, fibras de bamb\u00fa y morera, trapos y redes. Actualmente,&nbsp;se elaboran bastantes toneladas de papel en Jap\u00f3n a base de fibras vegetales similares:&nbsp;<em>gampi, kozo y mitsumata.<\/em><\/p>\n\n\n\n<p>El descubrimiento del papel fue&nbsp;ignorado por Occidente durante m\u00e1s de ocho siglos, hasta que llega a Europa, en el siglo XI, a trav\u00e9s de la Ruta de la Seda, de China&nbsp;a Samarcanda (aqu\u00ed se sustituye la corteza de morera por lino y c\u00e1\u00f1amo), de ah\u00ed a Mongolia, Bagdag, Damasco y despu\u00e9s a Egipto, de donde pasar\u00e1 al norte de \u00c1frica (se introducen fibras de algod\u00f3n), de Marruecos a Espa\u00f1a&nbsp;(1074) y despu\u00e9s al resto de Europa. A EEUU llegar\u00e1 en el siglo XVII.<\/p>\n\n\n\n<p>Los primitivos papeles espa\u00f1oles eran fabricados con lino destacando los de J\u00e1tiva, Tarragona y Zoela. Los datos hist\u00f3ricos atribuyen la primera f\u00e1brica espa\u00f1ola a Abu Masaifa quien partiendo e trapo de lino, hac\u00eda hojas de 32X24 cm. El papel valenciano pose\u00eda las siguientes caracter\u00edsticas:<\/p>\n\n\n\n<ul class=\"wp-block-list\">\n<li>Grueso.<\/li>\n\n\n\n<li>Esponjoso.<\/li>\n\n\n\n<li>Bordes barbados.<\/li>\n\n\n\n<li>El lino y el algod\u00f3n se un\u00edan con almid\u00f3n de arroz.<\/li>\n<\/ul>\n\n\n\n<p>El documento sobre papel m\u00e1s antiguo que se conserva en Espa\u00f1a es el&nbsp;<em>Brevarium et Missale Mozarabicum<\/em>&nbsp;(1040-1050). Se conserva en el Real Monasterio de Santo Domingo de Silos.<\/p>\n\n\n\n<figure style=\"padding-top:var(--wp--preset--spacing--50);padding-right:var(--wp--preset--spacing--70);padding-bottom:var(--wp--preset--spacing--50);padding-left:var(--wp--preset--spacing--70)\" class=\"wp-block-video\"><video height=\"1200\" style=\"aspect-ratio: 480 \/ 1200;\" width=\"480\" autoplay src=\"https:\/\/ecograficas.recursodidactico.com\/wp-content\/uploads\/2024\/05\/Info-3-4.mp4\" playsinline><\/video><figcaption class=\"wp-element-caption\"><sub>Evoluci\u00f3n productiva del papel<\/sub><\/figcaption><\/figure>\n\n\n\n<div style=\"height:18px\" aria-hidden=\"true\" class=\"wp-block-spacer\"><\/div>\n<\/div>\n\n\n\n<div class=\"wp-block-column is-layout-flow wp-block-column-is-layout-flow\">\n<iframe loading=\"lazy\" width=\"560\" height=\"315\" src=\"https:\/\/www.youtube.com\/embed\/cFUycqCum_w?si=W2QeAt-2-E6D529Z\" title=\"YouTube video player\" frameborder=\"0\" allow=\"accelerometer; autoplay; clipboard-write; encrypted-media; gyroscope; picture-in-picture; web-share\" referrerpolicy=\"strict-origin-when-cross-origin\" allowfullscreen><\/iframe>\n\n\n\n<div style=\"height:14px\" aria-hidden=\"true\" class=\"wp-block-spacer\"><\/div>\n\n\n\n<ul class=\"wp-block-list\">\n<li><strong>Papeles, secantes, higi\u00e9nicos y sanitarios<\/strong>: papeles muy delgados y livianos, a menudo creados con el prop\u00f3sito de absorber l\u00edquidos (agua, tinta, aceite) de la superficie de otros papeles para escribir. Tambi\u00e9n se utilizan en el \u00e1mbito dom\u00e9stico e incluso m\u00e9dico.&nbsp;<\/li>\n\n\n\n<li><strong>Papeles hechos a mano<\/strong>: hoy en d\u00eda, se utilizan principalmente como papel decorativo.<\/li>\n\n\n\n<li><strong>Papeles de envolver<\/strong>: fabricados para proteger bienes y mercanc\u00edas de influencias externas.&nbsp;<\/li>\n\n\n\n<li><strong>Papeles especiales<\/strong>: papel creado para un prop\u00f3sito espec\u00edfico como papel de fumar, papeles industriales y m\u00e1s.<\/li>\n<\/ul>\n\n\n\n<h5 class=\"wp-block-heading\">Tipos de papel: diferentes variedades de papel<\/h5>\n\n\n\n<p>Hoy en d\u00eda hay una enorme variedad de papeles, donde incluso podemos encontrar subcategor\u00edas, pero podemos hablar de siete categor\u00edas b\u00e1sicas, estas son:<\/p>\n\n\n\n<ul class=\"wp-block-list\">\n<li><strong>Papeles de impresi\u00f3n<\/strong>: creados de muchas formas diferentes para permitir una impresi\u00f3n de m\u00e1s calidad. Papeles que pos sus diferentes propiedades pueden usarse en la industria alimentaria, pueden ser resistentes a las inclemencias del tiempo, residencia qu\u00edmica, f\u00edsica, mec\u00e1nica, etc.&nbsp;<\/li>\n\n\n\n<li><strong>Papeles de dibujo<\/strong>: papel creado espec\u00edficamente para tener una superficie m\u00e1s rugosa, de modo que los artistas y dise\u00f1adores puedan controlar f\u00e1cilmente la forma en que se les aplica la pintura.<\/li>\n<\/ul>\n\n\n\n<ul class=\"wp-block-list\">\n<li><strong>Papeles para escribir<\/strong>: creados para usarse f\u00e1cilmente en todo tipo de escritura, a veces con especial atenci\u00f3n a la durabilidad del papel durante un almacenamiento m\u00e1s prolongado.<\/li>\n<\/ul>\n<\/div>\n<\/div>\n","protected":false},"excerpt":{"rendered":"<p>Se cree que el papel fue descubierto en China por&nbsp;Ts\u2019ai Lung en el a\u00f1o 105 a.C, aunque posiblemente ya hubo intentos previos y \u00e9l fue el que lo perfeccion\u00f3. Este papel se fabricaba con la parte tierna del c\u00e1\u00f1amo, seda, fibras de bamb\u00fa y morera, trapos y redes. Actualmente,&nbsp;se elaboran bastantes toneladas de papel en [&hellip;]<\/p>\n","protected":false},"author":2,"featured_media":0,"parent":1142,"menu_order":0,"comment_status":"closed","ping_status":"closed","template":"","meta":{"_uag_custom_page_level_css":"","site-sidebar-layout":"default","site-content-layout":"","ast-site-content-layout":"default","site-content-style":"default","site-sidebar-style":"default","ast-global-header-display":"","ast-banner-title-visibility":"","ast-main-header-display":"","ast-hfb-above-header-display":"","ast-hfb-below-header-display":"","ast-hfb-mobile-header-display":"","site-post-title":"","ast-breadcrumbs-content":"","ast-featured-img":"","footer-sml-layout":"","theme-transparent-header-meta":"","adv-header-id-meta":"","stick-header-meta":"","header-above-stick-meta":"","header-main-stick-meta":"","header-below-stick-meta":"","astra-migrate-meta-layouts":"set","ast-page-background-enabled":"default","ast-page-background-meta":{"desktop":{"background-color":"var(--ast-global-color-4)","background-image":"","background-repeat":"repeat","background-position":"center center","background-size":"auto","background-attachment":"scroll","background-type":"","background-media":"","overlay-type":"","overlay-color":"","overlay-gradient":""},"tablet":{"background-color":"","background-image":"","background-repeat":"repeat","background-position":"center center","background-size":"auto","background-attachment":"scroll","background-type":"","background-media":"","overlay-type":"","overlay-color":"","overlay-gradient":""},"mobile":{"background-color":"","background-image":"","background-repeat":"repeat","background-position":"center center","background-size":"auto","background-attachment":"scroll","background-type":"","background-media":"","overlay-type":"","overlay-color":"","overlay-gradient":""}},"ast-content-background-meta":{"desktop":{"background-color":"var(--ast-global-color-5)","background-image":"","background-repeat":"repeat","background-position":"center center","background-size":"auto","background-attachment":"scroll","background-type":"","background-media":"","overlay-type":"","overlay-color":"","overlay-gradient":""},"tablet":{"background-color":"var(--ast-global-color-5)","background-image":"","background-repeat":"repeat","background-position":"center center","background-size":"auto","background-attachment":"scroll","background-type":"","background-media":"","overlay-type":"","overlay-color":"","overlay-gradient":""},"mobile":{"background-color":"var(--ast-global-color-5)","background-image":"","background-repeat":"repeat","background-position":"center center","background-size":"auto","background-attachment":"scroll","background-type":"","background-media":"","overlay-type":"","overlay-color":"","overlay-gradient":""}},"footnotes":""},"class_list":["post-1225","page","type-page","status-publish","hentry"],"uagb_featured_image_src":{"full":false,"thumbnail":false,"medium":false,"medium_large":false,"large":false,"1536x1536":false,"2048x2048":false},"uagb_author_info":{"display_name":"Jose Carlos Velasco","author_link":"https:\/\/ecograficas.recursodidactico.com\/?author=2"},"uagb_comment_info":0,"uagb_excerpt":"Se cree que el papel fue descubierto en China por&nbsp;Ts\u2019ai Lung en el a\u00f1o 105 a.C, aunque posiblemente ya hubo intentos previos y \u00e9l fue el que lo perfeccion\u00f3. Este papel se fabricaba con la parte tierna del c\u00e1\u00f1amo, seda, fibras de bamb\u00fa y morera, trapos y redes. Actualmente,&nbsp;se elaboran bastantes toneladas de papel en&hellip;","_links":{"self":[{"href":"https:\/\/ecograficas.recursodidactico.com\/index.php?rest_route=\/wp\/v2\/pages\/1225","targetHints":{"allow":["GET"]}}],"collection":[{"href":"https:\/\/ecograficas.recursodidactico.com\/index.php?rest_route=\/wp\/v2\/pages"}],"about":[{"href":"https:\/\/ecograficas.recursodidactico.com\/index.php?rest_route=\/wp\/v2\/types\/page"}],"author":[{"embeddable":true,"href":"https:\/\/ecograficas.recursodidactico.com\/index.php?rest_route=\/wp\/v2\/users\/2"}],"replies":[{"embeddable":true,"href":"https:\/\/ecograficas.recursodidactico.com\/index.php?rest_route=%2Fwp%2Fv2%2Fcomments&post=1225"}],"version-history":[{"count":10,"href":"https:\/\/ecograficas.recursodidactico.com\/index.php?rest_route=\/wp\/v2\/pages\/1225\/revisions"}],"predecessor-version":[{"id":1836,"href":"https:\/\/ecograficas.recursodidactico.com\/index.php?rest_route=\/wp\/v2\/pages\/1225\/revisions\/1836"}],"up":[{"embeddable":true,"href":"https:\/\/ecograficas.recursodidactico.com\/index.php?rest_route=\/wp\/v2\/pages\/1142"}],"wp:attachment":[{"href":"https:\/\/ecograficas.recursodidactico.com\/index.php?rest_route=%2Fwp%2Fv2%2Fmedia&parent=1225"}],"curies":[{"name":"wp","href":"https:\/\/api.w.org\/{rel}","templated":true}]}}