{"id":1452,"date":"2024-01-12T17:45:39","date_gmt":"2024-01-12T17:45:39","guid":{"rendered":"https:\/\/ecograficas.recursodidactico.com\/?page_id=1452"},"modified":"2024-01-14T07:34:21","modified_gmt":"2024-01-14T07:34:21","slug":"aviso-legal","status":"publish","type":"page","link":"https:\/\/ecograficas.recursodidactico.com\/?page_id=1452","title":{"rendered":"Aviso legal"},"content":{"rendered":"\n<h2 class=\"wp-block-heading\"><strong>Aviso legal<\/strong><\/h2>\n\n\n\n<p>Este portal, cuyo titular es Jose Carlos Velasco S\u00e1nchez<\/p>\n\n\n\n<ul class=\"wp-block-list\">\n<li>ecograficas.recursodigiral.com<\/li>\n<\/ul>\n\n\n\n<h3 class=\"wp-block-heading\"><strong>Propiedad intelectual e industrial<\/strong><\/h3>\n\n\n\n<p>El dise\u00f1o del portal, im\u00e1genes, as\u00ed como los logos, marcas y dem\u00e1s signos distintivos que aparecen en el mismo pertenecen a ecogr\u00e1ficas.recursodigital.com y est\u00e1n protegidos por los correspondientes derechos de propiedad intelectual e industrial.<\/p>\n\n\n\n<p>Las\u00a0<a href=\"https:\/\/www.aepd.es\/guias-y-herramientas\/infografias\">infograf\u00edas<\/a>\u00a0y\u00a0<a href=\"https:\/\/www.aepd.es\/guias-y-herramientas\/guias\">gu\u00edas<\/a>\u00a0se publican con una licencia de uso CC BY-NC-ND 4.0 que permite su uso no comercial, sin variar sus contenidos, atribuyendo la autor\u00eda y manteniendo las mismas condiciones.<\/p>\n\n\n\n<figure class=\"wp-block-image size-full is-resized\"><img loading=\"lazy\" decoding=\"async\" width=\"403\" height=\"141\" src=\"https:\/\/ecograficas.recursodidactico.com\/wp-content\/uploads\/2024\/01\/IMG_0052.png\" alt=\"\" class=\"wp-image-1453\" style=\"width:189px;height:auto\" srcset=\"https:\/\/ecograficas.recursodidactico.com\/wp-content\/uploads\/2024\/01\/IMG_0052.png 403w, https:\/\/ecograficas.recursodidactico.com\/wp-content\/uploads\/2024\/01\/IMG_0052-300x105.png 300w\" sizes=\"auto, (max-width: 403px) 100vw, 403px\" \/><\/figure>\n\n\n\n<h3 class=\"wp-block-heading\"><strong>Responsabilidad de los contenidos<\/strong><\/h3>\n\n\n\n<p>Ecogr\u00e1ficas.recursodigital.com no se hace responsable de la legalidad de otros sitios web de terceros desde los que pueda accederse al portal. La ecogr\u00e1ficas.recursodigital.com tampoco responde por la legalidad de otros sitios web de terceros, que pudieran estar vinculados o enlazados desde este portal.<\/p>\n\n\n\n<p>Ecogr\u00e1ficas.recursodigital.com se reserva el derecho a realizar cambios en el sitio web sin previo aviso, al objeto de mantener actualizada su informaci\u00f3n, a\u00f1adiendo, modificando, corrigiendo o eliminando los contenidos publicados o el dise\u00f1o del portal.<\/p>\n\n\n\n<p>Ecogr\u00e1ficas.recursodigital.com no ser\u00e1 responsable del uso que terceros hagan de la informaci\u00f3n publicada en el portal, ni tampoco de los da\u00f1os sufridos o p\u00e9rdidas econ\u00f3micas que, de forma directa o indirecta, produzcan o puedan producir perjuicios econ\u00f3micos, materiales o sobre datos, provocados por el uso de dicha informaci\u00f3n.<\/p>\n\n\n\n<p>La ley aplicable en caso de disputa o conflicto de interpretaci\u00f3n de los t\u00e9rminos que conforman este aviso legal, as\u00ed como cualquier cuesti\u00f3n relacionada con los servicios del presente portal, ser\u00e1 la ley espa\u00f1ola.<\/p>\n","protected":false},"excerpt":{"rendered":"<p>Aviso legal Este portal, cuyo titular es Jose Carlos Velasco S\u00e1nchez Propiedad intelectual e industrial El dise\u00f1o del portal, im\u00e1genes, as\u00ed como los logos, marcas y dem\u00e1s signos distintivos que aparecen en el mismo pertenecen a ecogr\u00e1ficas.recursodigital.com y est\u00e1n protegidos por los correspondientes derechos de propiedad intelectual e industrial. Las\u00a0infograf\u00edas\u00a0y\u00a0gu\u00edas\u00a0se publican con una licencia de [&hellip;]<\/p>\n","protected":false},"author":1,"featured_media":0,"parent":0,"menu_order":0,"comment_status":"closed","ping_status":"closed","template":"","meta":{"_uag_custom_page_level_css":"","site-sidebar-layout":"default","site-content-layout":"","ast-site-content-layout":"default","site-content-style":"default","site-sidebar-style":"default","ast-global-header-display":"","ast-banner-title-visibility":"","ast-main-header-display":"","ast-hfb-above-header-display":"","ast-hfb-below-header-display":"","ast-hfb-mobile-header-display":"","site-post-title":"disabled","ast-breadcrumbs-content":"","ast-featured-img":"","footer-sml-layout":"","theme-transparent-header-meta":"","adv-header-id-meta":"","stick-header-meta":"","header-above-stick-meta":"","header-main-stick-meta":"","header-below-stick-meta":"","astra-migrate-meta-layouts":"set","ast-page-background-enabled":"default","ast-page-background-meta":{"desktop":{"background-color":"var(--ast-global-color-4)","background-image":"","background-repeat":"repeat","background-position":"center center","background-size":"auto","background-attachment":"scroll","background-type":"","background-media":"","overlay-type":"","overlay-color":"","overlay-gradient":""},"tablet":{"background-color":"","background-image":"","background-repeat":"repeat","background-position":"center center","background-size":"auto","background-attachment":"scroll","background-type":"","background-media":"","overlay-type":"","overlay-color":"","overlay-gradient":""},"mobile":{"background-color":"","background-image":"","background-repeat":"repeat","background-position":"center center","background-size":"auto","background-attachment":"scroll","background-type":"","background-media":"","overlay-type":"","overlay-color":"","overlay-gradient":""}},"ast-content-background-meta":{"desktop":{"background-color":"var(--ast-global-color-5)","background-image":"","background-repeat":"repeat","background-position":"center center","background-size":"auto","background-attachment":"scroll","background-type":"","background-media":"","overlay-type":"","overlay-color":"","overlay-gradient":""},"tablet":{"background-color":"var(--ast-global-color-5)","background-image":"","background-repeat":"repeat","background-position":"center center","background-size":"auto","background-attachment":"scroll","background-type":"","background-media":"","overlay-type":"","overlay-color":"","overlay-gradient":""},"mobile":{"background-color":"var(--ast-global-color-5)","background-image":"","background-repeat":"repeat","background-position":"center center","background-size":"auto","background-attachment":"scroll","background-type":"","background-media":"","overlay-type":"","overlay-color":"","overlay-gradient":""}},"footnotes":""},"class_list":["post-1452","page","type-page","status-publish","hentry"],"uagb_featured_image_src":{"full":false,"thumbnail":false,"medium":false,"medium_large":false,"large":false,"1536x1536":false,"2048x2048":false},"uagb_author_info":{"display_name":"ecograficas","author_link":"https:\/\/ecograficas.recursodidactico.com\/?author=1"},"uagb_comment_info":0,"uagb_excerpt":"Aviso legal Este portal, cuyo titular es Jose Carlos Velasco S\u00e1nchez Propiedad intelectual e industrial El dise\u00f1o del portal, im\u00e1genes, as\u00ed como los logos, marcas y dem\u00e1s signos distintivos que aparecen en el mismo pertenecen a ecogr\u00e1ficas.recursodigital.com y est\u00e1n protegidos por los correspondientes derechos de propiedad intelectual e industrial. Las\u00a0infograf\u00edas\u00a0y\u00a0gu\u00edas\u00a0se publican con una licencia de&hellip;","_links":{"self":[{"href":"https:\/\/ecograficas.recursodidactico.com\/index.php?rest_route=\/wp\/v2\/pages\/1452","targetHints":{"allow":["GET"]}}],"collection":[{"href":"https:\/\/ecograficas.recursodidactico.com\/index.php?rest_route=\/wp\/v2\/pages"}],"about":[{"href":"https:\/\/ecograficas.recursodidactico.com\/index.php?rest_route=\/wp\/v2\/types\/page"}],"author":[{"embeddable":true,"href":"https:\/\/ecograficas.recursodidactico.com\/index.php?rest_route=\/wp\/v2\/users\/1"}],"replies":[{"embeddable":true,"href":"https:\/\/ecograficas.recursodidactico.com\/index.php?rest_route=%2Fwp%2Fv2%2Fcomments&post=1452"}],"version-history":[{"count":4,"href":"https:\/\/ecograficas.recursodidactico.com\/index.php?rest_route=\/wp\/v2\/pages\/1452\/revisions"}],"predecessor-version":[{"id":1483,"href":"https:\/\/ecograficas.recursodidactico.com\/index.php?rest_route=\/wp\/v2\/pages\/1452\/revisions\/1483"}],"wp:attachment":[{"href":"https:\/\/ecograficas.recursodidactico.com\/index.php?rest_route=%2Fwp%2Fv2%2Fmedia&parent=1452"}],"curies":[{"name":"wp","href":"https:\/\/api.w.org\/{rel}","templated":true}]}}